{"id":273,"date":"2026-01-28T16:38:11","date_gmt":"2026-01-28T16:38:11","guid":{"rendered":"https:\/\/humanidadesporvenir.com.ar\/?page_id=273"},"modified":"2026-01-28T16:39:06","modified_gmt":"2026-01-28T16:39:06","slug":"ana-longoni","status":"publish","type":"page","link":"https:\/\/humanidadesporvenir.com.ar\/index.php\/ana-longoni\/","title":{"rendered":"Ana Longoni"},"content":{"rendered":"\n<figure class=\"wp-block-image size-full is-resized\"><img loading=\"lazy\" decoding=\"async\" width=\"386\" height=\"342\" src=\"https:\/\/humanidadesporvenir.com.ar\/wp-content\/uploads\/2026\/01\/Ana-Longoni.png\" alt=\"\" class=\"wp-image-275\" style=\"width:618px;height:auto\" srcset=\"https:\/\/humanidadesporvenir.com.ar\/wp-content\/uploads\/2026\/01\/Ana-Longoni.png 386w, https:\/\/humanidadesporvenir.com.ar\/wp-content\/uploads\/2026\/01\/Ana-Longoni-300x266.png 300w\" sizes=\"auto, (max-width: 386px) 100vw, 386px\" \/><\/figure>\n\n\n\n<p>Ana Longoni es escritora, Investigadora del CONICET y profesora de grado y posgrado en la Universidad de Buenos Aires y otras universidades. Doctora en Artes (UBA), trabaja sobre los cruces entre arte y pol\u00edtica en la Argentina y Am\u00e9rica Latina desde mediados del siglo XX hasta nuestros d\u00edas. Autora de numerosas publicaciones, entre sus libros destacan Del Di Tella a Tucum\u00e1n Arde (junto a Mariano Mestman, 2000), Traiciones (2007, reedici\u00f3n ampliada 2024), El Siluetazo (junto a Gustavo Bruzzone, 2008) y Vanguardia y revoluci\u00f3n (2014). Sus \u00faltimos dos libros son Tercer o\u00eddo (2021) y Parir\/Partir (2022) . Dos obras teatrales de su autor\u00eda, \u201cLa Chira\u201d y \u201c\u00c1rboles\u201d, se estrenaron en Buenos Aires en 2003 y 2006, respectivamente. Impulsa desde su fundaci\u00f3n en 2007 la Red Conceptualismos del Sur. Cur\u00f3 sola o en colaboraci\u00f3n las exposiciones &#8220;Roberto Jacoby. El deseo nace del derrumbe&#8221; (2011), &#8220;Perder la forma humana&#8221; (2012), &#8220;Con la provocaci\u00f3n de Juan Carlos Uviedo&#8221; (2016), &#8220;Oscar Masotta, la teor\u00eda como acci\u00f3n&#8221; (2017), \u201cGiro gr\u00e1fico. Como en el muro la hiedra\u201d (2022), \u201cEl futuro detr\u00e1s\u201d(2023-24) y \u201cAlejandra Fenochio. Ahora\u201d (2025). Integr\u00f3 la Comisi\u00f3n Gestora y fue vicerrectora de Investigaci\u00f3n y Posgrado de la Comisi\u00f3n Gestora de la Universidad de las Artes, Guayaquil, Ecuador, 2015. Entre 2018 y 2021, fue directora de Actividades P\u00fablicas del Museo Reina Sof\u00eda (Madrid).<\/p>\n","protected":false},"excerpt":{"rendered":"<p>Ana Longoni es escritora, Investigadora del CONICET y profesora de grado y posgrado en la Universidad de Buenos Aires y otras universidades. Doctora en Artes (UBA), trabaja sobre los cruces entre arte y pol\u00edtica en la Argentina y Am\u00e9rica Latina desde mediados del siglo XX hasta nuestros d\u00edas. Autora de numerosas publicaciones, entre sus libros [&hellip;]<\/p>\n","protected":false},"author":2,"featured_media":0,"parent":0,"menu_order":0,"comment_status":"closed","ping_status":"closed","template":"","meta":{"footnotes":""},"class_list":["post-273","page","type-page","status-publish","hentry"],"_links":{"self":[{"href":"https:\/\/humanidadesporvenir.com.ar\/index.php\/wp-json\/wp\/v2\/pages\/273","targetHints":{"allow":["GET"]}}],"collection":[{"href":"https:\/\/humanidadesporvenir.com.ar\/index.php\/wp-json\/wp\/v2\/pages"}],"about":[{"href":"https:\/\/humanidadesporvenir.com.ar\/index.php\/wp-json\/wp\/v2\/types\/page"}],"author":[{"embeddable":true,"href":"https:\/\/humanidadesporvenir.com.ar\/index.php\/wp-json\/wp\/v2\/users\/2"}],"replies":[{"embeddable":true,"href":"https:\/\/humanidadesporvenir.com.ar\/index.php\/wp-json\/wp\/v2\/comments?post=273"}],"version-history":[{"count":2,"href":"https:\/\/humanidadesporvenir.com.ar\/index.php\/wp-json\/wp\/v2\/pages\/273\/revisions"}],"predecessor-version":[{"id":278,"href":"https:\/\/humanidadesporvenir.com.ar\/index.php\/wp-json\/wp\/v2\/pages\/273\/revisions\/278"}],"wp:attachment":[{"href":"https:\/\/humanidadesporvenir.com.ar\/index.php\/wp-json\/wp\/v2\/media?parent=273"}],"curies":[{"name":"wp","href":"https:\/\/api.w.org\/{rel}","templated":true}]}}