{"id":261,"date":"2026-01-28T16:24:05","date_gmt":"2026-01-28T16:24:05","guid":{"rendered":"https:\/\/humanidadesporvenir.com.ar\/?page_id=261"},"modified":"2026-01-28T16:24:07","modified_gmt":"2026-01-28T16:24:07","slug":"veronica-gago","status":"publish","type":"page","link":"https:\/\/humanidadesporvenir.com.ar\/index.php\/veronica-gago\/","title":{"rendered":"Ver\u00f3nica Gago"},"content":{"rendered":"\n<figure class=\"wp-block-image size-large\"><img loading=\"lazy\" decoding=\"async\" width=\"1024\" height=\"1024\" src=\"https:\/\/humanidadesporvenir.com.ar\/wp-content\/uploads\/2026\/01\/VeronicaGago-1024x1024.png\" alt=\"Veronica Gago\" class=\"wp-image-263\" srcset=\"https:\/\/humanidadesporvenir.com.ar\/wp-content\/uploads\/2026\/01\/VeronicaGago-1024x1024.png 1024w, https:\/\/humanidadesporvenir.com.ar\/wp-content\/uploads\/2026\/01\/VeronicaGago-300x300.png 300w, https:\/\/humanidadesporvenir.com.ar\/wp-content\/uploads\/2026\/01\/VeronicaGago-150x150.png 150w, https:\/\/humanidadesporvenir.com.ar\/wp-content\/uploads\/2026\/01\/VeronicaGago-768x768.png 768w, https:\/\/humanidadesporvenir.com.ar\/wp-content\/uploads\/2026\/01\/VeronicaGago.png 1500w\" sizes=\"auto, (max-width: 1024px) 100vw, 1024px\" \/><\/figure>\n\n\n\n<p>Especialista en los debates contempor\u00e1neos sobre trabajo, neoliberalismo y feminismo. Estudia din\u00e1micas de precarizaci\u00f3n del trabajo asalariado y no asalariado, desde una perspectiva interseccional de clase, raza y g\u00e9nero. Se ha dedicado a analizar las econom\u00edas populares en Argentina en clave comparativa con otros pa\u00edses de la regi\u00f3n, as\u00ed como las articulaciones entre crisis y din\u00e1micas pol\u00edticas de los sectores subalternos. Se dedica tambi\u00e9n al an\u00e1lisis de las formas de financierizaci\u00f3n de la vida cotidiana desde un an\u00e1lisis feminista, haciendo eje entre endeudamiento de los hogares y reconfiguraciones del trabajo reproductivo.<\/p>\n\n\n\n<p>Se desempe\u00f1a como investigadora independiente del CONICET y es investigadora asociada de la UNSAM, donde es docente concursada de posgrado. Es co-coordinadora del Grupo de Trabajo CLACSO sobre Econom\u00edas Populares.<\/p>\n\n\n\n<p>Es autora de numerosos trabajos publicados en distintas lenguas publicados en revistas cient\u00edficas y en medios de debate pol\u00edtico. Ha publicado los libros: La raz\u00f3n neoliberal. Econom\u00edas barrocas y pragm\u00e1tica popular (2014), La potencia feminista. O el deseo de cambiarlo todo (2019) y Una lectura feminista de la deuda (2019, en co-autor\u00eda con Luci Cavallero). Sus trabajos han sido traducidos al ingl\u00e9s, portugu\u00e9s, franc\u00e9s, italiano y alem\u00e1n.<\/p>\n\n\n\n<p>Es doctora&nbsp; en Ciencias Sociales y licenciada en Ciencia Pol\u00edtica (UBA).<\/p>\n","protected":false},"excerpt":{"rendered":"<p>Especialista en los debates contempor\u00e1neos sobre trabajo, neoliberalismo y feminismo. Estudia din\u00e1micas de precarizaci\u00f3n del trabajo asalariado y no asalariado, desde una perspectiva interseccional de clase, raza y g\u00e9nero. Se ha dedicado a analizar las econom\u00edas populares en Argentina en clave comparativa con otros pa\u00edses de la regi\u00f3n, as\u00ed como las articulaciones entre crisis y [&hellip;]<\/p>\n","protected":false},"author":2,"featured_media":0,"parent":0,"menu_order":0,"comment_status":"closed","ping_status":"closed","template":"","meta":{"footnotes":""},"class_list":["post-261","page","type-page","status-publish","hentry"],"_links":{"self":[{"href":"https:\/\/humanidadesporvenir.com.ar\/index.php\/wp-json\/wp\/v2\/pages\/261","targetHints":{"allow":["GET"]}}],"collection":[{"href":"https:\/\/humanidadesporvenir.com.ar\/index.php\/wp-json\/wp\/v2\/pages"}],"about":[{"href":"https:\/\/humanidadesporvenir.com.ar\/index.php\/wp-json\/wp\/v2\/types\/page"}],"author":[{"embeddable":true,"href":"https:\/\/humanidadesporvenir.com.ar\/index.php\/wp-json\/wp\/v2\/users\/2"}],"replies":[{"embeddable":true,"href":"https:\/\/humanidadesporvenir.com.ar\/index.php\/wp-json\/wp\/v2\/comments?post=261"}],"version-history":[{"count":1,"href":"https:\/\/humanidadesporvenir.com.ar\/index.php\/wp-json\/wp\/v2\/pages\/261\/revisions"}],"predecessor-version":[{"id":264,"href":"https:\/\/humanidadesporvenir.com.ar\/index.php\/wp-json\/wp\/v2\/pages\/261\/revisions\/264"}],"wp:attachment":[{"href":"https:\/\/humanidadesporvenir.com.ar\/index.php\/wp-json\/wp\/v2\/media?parent=261"}],"curies":[{"name":"wp","href":"https:\/\/api.w.org\/{rel}","templated":true}]}}